{"id":41,"date":"2020-01-11T21:41:53","date_gmt":"2020-01-11T21:41:53","guid":{"rendered":"http:\/\/www.kosemas.com\/?page_id=41"},"modified":"2024-03-21T11:12:54","modified_gmt":"2024-03-21T11:12:54","slug":"iletisim","status":"publish","type":"page","link":"http:\/\/www.kosemas.com\/index.php\/iletisim\/","title":{"rendered":"\u0130LET\u0130\u015e\u0130M"},"content":{"rendered":"\n<h2 class=\"wp-block-heading\">K\u00f6sem Nakliyat ve \u0130n\u015faat Malz. Turizm G\u0131da San. Tic. A.\u015e.<\/h2>\n\n\n\n<p> <img loading=\"lazy\" decoding=\"async\" width=\"16\" height=\"16\" class=\"wp-image-98\" style=\"width: 16px;\" src=\"http:\/\/www.kosemas.com\/wp-content\/uploads\/2020\/01\/emailButton.png\" alt=\"\" srcset=\"http:\/\/www.kosemas.com\/wp-content\/uploads\/2020\/01\/emailButton.png 16w, http:\/\/www.kosemas.com\/wp-content\/uploads\/2020\/01\/emailButton-1x1.png 1w\" sizes=\"auto, (max-width: 16px) 100vw, 16px\" \/> E-Posta:&nbsp;<a href=\"http:\/\/web.archive.org\/web\/20180926051156\/mailto:kosem_as@hotmail.com\">kosem_as@hotmail.com<\/a> <br>                      <a href=\"mailto:info@kosemas.com\">info@kosemas.com<\/a>  <\/p>\n\n\n\n<p><img loading=\"lazy\" decoding=\"async\" width=\"16\" height=\"16\" class=\"wp-image-99\" style=\"width: 16px;\" src=\"http:\/\/www.kosemas.com\/wp-content\/uploads\/2020\/01\/con_address.png\" alt=\"\" srcset=\"http:\/\/www.kosemas.com\/wp-content\/uploads\/2020\/01\/con_address.png 16w, http:\/\/www.kosemas.com\/wp-content\/uploads\/2020\/01\/con_address-1x1.png 1w\" sizes=\"auto, (max-width: 16px) 100vw, 16px\" \/>  SEL\u00c7UKLU MAHALLES\u0130 1419.SOKAK AGAH BEY KONAKLARI A BLOK DI\u015e KAPI NO:3 \u0130\u00c7 KAPI NO:2 MERKEZ\/AFYONKARAH\u0130SAR\u00a003200\u00a0T\u00dcRK\u0130YE<\/p>\n\n\n\n<p><img loading=\"lazy\" decoding=\"async\" width=\"16\" height=\"16\" class=\"wp-image-100\" style=\"width: 16px;\" src=\"http:\/\/www.kosemas.com\/wp-content\/uploads\/2020\/01\/con_tel.png\" alt=\"\" srcset=\"http:\/\/www.kosemas.com\/wp-content\/uploads\/2020\/01\/con_tel.png 16w, http:\/\/www.kosemas.com\/wp-content\/uploads\/2020\/01\/con_tel-1x1.png 1w\" sizes=\"auto, (max-width: 16px) 100vw, 16px\" \/>  <strong>Telefon&amp;Fax:  0 (272) 229 14 22<\/strong><\/p>\n\n\n\n<p><\/p>\n","protected":false},"excerpt":{"rendered":"<p>K\u00f6sem Nakliyat ve \u0130n\u015faat Malz. Turizm G\u0131da San. Tic. A.\u015e. E-Posta:&nbsp;kosem_as@hotmail.com info@kosemas.com SEL\u00c7UKLU MAHALLES\u0130 1419.SOKAK AGAH BEY KONAKLARI A BLOK DI\u015e KAPI NO:3 \u0130\u00c7 KAPI NO:2 MERKEZ\/AFYONKARAH\u0130SAR\u00a003200\u00a0T\u00dcRK\u0130YE Telefon&amp;Fax: 0 (272) 229 14 22<\/p>\n","protected":false},"author":1,"featured_media":0,"parent":0,"menu_order":0,"comment_status":"closed","ping_status":"closed","template":"","meta":{"footnotes":""},"class_list":["post-41","page","type-page","status-publish","hentry"],"_links":{"self":[{"href":"http:\/\/www.kosemas.com\/index.php\/wp-json\/wp\/v2\/pages\/41","targetHints":{"allow":["GET"]}}],"collection":[{"href":"http:\/\/www.kosemas.com\/index.php\/wp-json\/wp\/v2\/pages"}],"about":[{"href":"http:\/\/www.kosemas.com\/index.php\/wp-json\/wp\/v2\/types\/page"}],"author":[{"embeddable":true,"href":"http:\/\/www.kosemas.com\/index.php\/wp-json\/wp\/v2\/users\/1"}],"replies":[{"embeddable":true,"href":"http:\/\/www.kosemas.com\/index.php\/wp-json\/wp\/v2\/comments?post=41"}],"version-history":[{"count":11,"href":"http:\/\/www.kosemas.com\/index.php\/wp-json\/wp\/v2\/pages\/41\/revisions"}],"predecessor-version":[{"id":498,"href":"http:\/\/www.kosemas.com\/index.php\/wp-json\/wp\/v2\/pages\/41\/revisions\/498"}],"wp:attachment":[{"href":"http:\/\/www.kosemas.com\/index.php\/wp-json\/wp\/v2\/media?parent=41"}],"curies":[{"name":"wp","href":"https:\/\/api.w.org\/{rel}","templated":true}]}}