{"id":16,"date":"2020-01-11T20:09:12","date_gmt":"2020-01-11T20:09:12","guid":{"rendered":"http:\/\/www.kosemas.com\/?page_id=16"},"modified":"2020-01-13T14:32:53","modified_gmt":"2020-01-13T14:32:53","slug":"hakkimizda","status":"publish","type":"page","link":"http:\/\/www.kosemas.com\/index.php\/hakkimizda\/","title":{"rendered":"HAKKIMIZDA"},"content":{"rendered":"<p><br>\n<br>\n<!--StartFragment--><\/p>\n\n\n<p>\u015eirketimiz 1978 y\u0131l\u0131nda ticaret hayat\u0131na ba\u015flam\u0131\u015f olup, T\u00fcrkiye de 1983 y\u0131l\u0131nda turizmin geli\u015fmeye ba\u015flamas\u0131yla birlikte otel ve turizm ama\u00e7l\u0131 yap\u0131lan tesislere, kooperatif in\u015faatlar\u0131na, \u00f6zel in\u015faatlara ve in\u015faat m\u00fcteahhitlerine&nbsp; kaba in\u015faat malzemeleri tedarik etmeye ba\u015flam\u0131\u015ft\u0131r. 1987 y\u0131l\u0131nda da lojistik firmas\u0131n\u0131 kurup, bu malzemelerin \u015fantiye teslimatlar\u0131n\u0131 ger\u00e7ekle\u015ftirmeye ba\u015flam\u0131\u015ft\u0131r. 1985 y\u0131l\u0131ndan itibaren m\u00fc\u015fteri-bayi alan\u0131n\u0131 geli\u015ftirerek sat\u0131\u015flar\u0131n\u0131 bayiler \u00fczerinden \u015fantiyelere ula\u015ft\u0131rmaya devam etmektedir.<\/p>\n\n\n\n<p>1988 y\u0131l\u0131nda Antalya-Alanya b\u00f6lgesinde otel in\u015faatlar\u0131na ba\u015flam\u0131\u015f olup 2005 y\u0131l\u0131na kadar bu tesisleri&nbsp; T\u00fcrk turizmine kazand\u0131rm\u0131\u015ft\u0131r.<\/p>\n\n\n\n<p>Firmam\u0131z Akdeniz B\u00f6lgesi\u2019nde 1992 \u2013 2004 y\u0131llar\u0131 aras\u0131nda toptan ve perakende g\u0131da sekt\u00f6r\u00fcnde faaliyet g\u00f6stermi\u015ftir. Yine Akdeniz B\u00f6lgesi\u2019nde 2015 y\u0131l\u0131na kadar&nbsp; yap-sat ve residence in\u015faatlar\u0131na devam etmi\u015ftir. \u015eirket ana merkezi halen Afyonkarahisar da olup in\u015faat malzemeleri-in\u015faat-turizm-lojistik-tar\u0131m ve tar\u0131m \u00fcr\u00fcnleri alanlar\u0131nda faaliyet g\u00f6stermektedir.<\/p>\n\n\n<p><!--EndFragment--><br>\n<br>\n<\/p>","protected":false},"excerpt":{"rendered":"<p>\u015eirketimiz 1978 y\u0131l\u0131nda ticaret hayat\u0131na ba\u015flam\u0131\u015f olup, T\u00fcrkiye de 1983 y\u0131l\u0131nda turizmin geli\u015fmeye ba\u015flamas\u0131yla birlikte otel ve turizm ama\u00e7l\u0131 yap\u0131lan tesislere, kooperatif in\u015faatlar\u0131na, \u00f6zel in\u015faatlara ve in\u015faat m\u00fcteahhitlerine&nbsp; kaba in\u015faat malzemeleri tedarik etmeye ba\u015flam\u0131\u015ft\u0131r. 1987 y\u0131l\u0131nda da lojistik firmas\u0131n\u0131 kurup, bu malzemelerin \u015fantiye teslimatlar\u0131n\u0131 ger\u00e7ekle\u015ftirmeye ba\u015flam\u0131\u015ft\u0131r. 1985 y\u0131l\u0131ndan itibaren m\u00fc\u015fteri-bayi alan\u0131n\u0131 geli\u015ftirerek sat\u0131\u015flar\u0131n\u0131 bayiler \u00fczerinden [&hellip;]<\/p>\n","protected":false},"author":1,"featured_media":0,"parent":0,"menu_order":0,"comment_status":"closed","ping_status":"closed","template":"","meta":{"footnotes":""},"class_list":["post-16","page","type-page","status-publish","hentry"],"_links":{"self":[{"href":"http:\/\/www.kosemas.com\/index.php\/wp-json\/wp\/v2\/pages\/16","targetHints":{"allow":["GET"]}}],"collection":[{"href":"http:\/\/www.kosemas.com\/index.php\/wp-json\/wp\/v2\/pages"}],"about":[{"href":"http:\/\/www.kosemas.com\/index.php\/wp-json\/wp\/v2\/types\/page"}],"author":[{"embeddable":true,"href":"http:\/\/www.kosemas.com\/index.php\/wp-json\/wp\/v2\/users\/1"}],"replies":[{"embeddable":true,"href":"http:\/\/www.kosemas.com\/index.php\/wp-json\/wp\/v2\/comments?post=16"}],"version-history":[{"count":2,"href":"http:\/\/www.kosemas.com\/index.php\/wp-json\/wp\/v2\/pages\/16\/revisions"}],"predecessor-version":[{"id":138,"href":"http:\/\/www.kosemas.com\/index.php\/wp-json\/wp\/v2\/pages\/16\/revisions\/138"}],"wp:attachment":[{"href":"http:\/\/www.kosemas.com\/index.php\/wp-json\/wp\/v2\/media?parent=16"}],"curies":[{"name":"wp","href":"https:\/\/api.w.org\/{rel}","templated":true}]}}